6056*d + 6056*d - 2 - d**2. Give g(r).
-2
Let c(s) = 2*s - 1. Let b(y) = y**3 + 9*y**2 - y. Let l be b(-9). Determine c(l).
17
Let c(p) = 11*p - 7. Let j be c(2). Let b be ((-4)/6)/(5/j). Let o(u) = 6*u**2 + 3*u + 1. What is o(b)?
19
Suppose 16*p = 13*p - 87. Let a = p + 33. Let f(g) be the second derivative of g**4/12 - g**3/6 - g**2 + g. Calculate f(a).
10
Let f(p) = -3*p + 82. Let b = 1102 + -1076. Calculate f(b).
4
Let b(u) = -u + 2*u - 6*u - u - 5*u. What is b(-2)?
22
Let d(x) = x**2 + 7*x - 8. Suppose 0*v + v = 5*v. Suppose v = 3*o + 5*f + 23, 8 = 5*o - 4*f + 34. Give d(o).
-14
Let g(k) be the second derivative of 0 + 1/3*k**3 - 7*k + 1/4*k**4 - 1/2*k**2. Calculate g(1).
4
Let n(y) = y**3 + 9*y**2 - 10*y + 4. Suppose -3*s + 6 = q - 4*s, 0 = 5*q - 3*s - 28. Suppose -f - 15 = q*a, -6*a - 5 = -a. Give n(f).
4
Let c = 127/380 - 8/95. Let r(y) be the third derivative of 1/2*y**3 - 3*y**2 + 0*y + 0 - c*y**4 + 1/60*y**5. Give r(5).
-2
Suppose 2*o = q + q - 12, q + o - 2 = 0. Suppose -4*t - q = 4*p, -15 = p + 2*p. Let v(m) = 0*m**3 - m**3 - t - 3*m - 3*m**2 + 0*m. What is v(-3)?
5
Let p(k) = -k**3 + 3*k**2 + 6*k - 4. Let n be p(4). Let b be (1/3)/((-2)/(-84)). Let m(z) = b*z**2 + 9*z**2 - 22*z**2 + 3*z + 1 - 5*z. What is m(n)?
9
Let i(x) be the third derivative of -3*x**2 + 0*x - 4/3*x**3 - 1/24*x**4 + 0. What is i(0)?
-8
Suppose -4*q - 4*w = 0, 4*w - 4 = 3*q - 18. Let l(b) = -8*b**2 - 2*b + 1 + 0 - 3*b**2 - q. Let o(u) = -u**3 - 3*u**2 + 4*u - 1. Let x be o(-4). What is l(x)?
-10
Let q(m) = -2*m - 3*m + 1072 - 1073 + 2*m. Give q(0).
-1
Let v(p) = 4*p**2 + 18*p + 7. Let y(n) = n**2 + 6*n + 2. Let x(c) = -2*v(c) + 7*y(c). Suppose -397 = -10*a - 367. Calculate x(a).
9
Let o(c) = -3 + 3 - 1 - 11*c. Let b(w) = 3*w + 15. Let v be b(-5). Suppose 0 = -12*y - v + 12. Determine o(y).
-12
Let x(m) be the second derivative of -m**3/6 + 5*m**2/2 + 395*m. Let u(b) = -b**3 + 4*b**2 - b - 1. Let j be u(3). Calculate x(j).
0
Let t(y) be the third derivative of y**4/6 + y**3/2 - 15*y**2. Let d(l) = -2*l + 2. Let i be d(2). What is t(i)?
-5
Suppose 2*a - 3*a = 0. Let t(o) be the third derivative of -o**5/60 - 5*o**3/6 + 45*o**2. Calculate t(a).
-5
Let u(p) = p**3 + 14*p**2 + 14*p + 9. Suppose 4*b - 2*i = -46, -5*b + 0*b - 3*i = 74. Let h be u(b). Let a(j) = -2*j. Give a(h).
8
Let t(u) = -u**2 + 17*u - 40. Let k be t(14). Let o(l) = -5 + 4*l**2 + 6*l - 4*l**2 + 2*l**k - 3*l**2. Give o(5).
0
Let h(g) = g**3 + 6*g**2 - 6*g + 1. Let w(v) = -1. Let b(x) = -x**2 - 5*x - 6. Let o(t) = b(t) - 5*w(t). Let i be o(-6). What is h(i)?
-6
Let v(l) = -38*l - 15. Let n(t) = 44*t + 16. Let u(h) = 8*n(h) + 9*v(h). Give u(6).
53
Let s(c) = c**3 + 3*c**2 + 3*c + 1. Suppose -i = -4 - 0. Let r(w) = -w**2 + 3*w + 6. Let k be r(i). Suppose 0 = k*n + 2 + 2. What is s(n)?
-1
Suppose 0 = 8*y - 3*y. Suppose y*b - 10 = -2*b. Let a(h) = 1 + 0 + 2*h - b. Give a(4).
4
Let l(u) = -u**3 - 16*u**2 - 15*u + 1. Let x be (-133)/9 + 10/180*-4. Calculate l(x).
1
Let m(h) = -h**2 - 8*h - 10. Let s(q) be the third derivative of -q**5/60 - q**4/3 - 11*q**3/6 + 27*q**2. Let y(b) = 5*m(b) - 4*s(b). Calculate y(-6).
6
Let m(i) = -i + i + i + 1. Let w be (-818)/(-12) + (-12)/72. Let q = w - 67. Give m(q).
2
Let r = -5 + 14. Let c(z) = -2 - 1 - r*z + 4. What is c(-2)?
19
Let m(w) = w**2 - 8. Let u be 99/55 - (-4)/(-5). Suppose -4*c + u - 9 = r, 4*r + 3*c = -6. Calculate m(r).
-8
Let r(h) = 10 + 0*h - 4 + 3*h - 3. What is r(-8)?
-21
Let y(u) = 8*u - 52. Let m(p) = -11*p + 58. Let c(q) = -3*m(q) - 4*y(q). Determine c(-11).
23
Let n(v) = 12*v - 1. Let p(z) = 12*z - 2. Let i(k) = -3*n(k) + 2*p(k). Suppose 0 = 5*g - 3*h - 7, -12 = -26*g + 22*g + 4*h. Give i(g).
11
Let x(c) = -3*c**3 - 2*c**2 - 21*c - 6. Let y(q) = -2*q**3 - q**2 - 16*q - 4. Let l(n) = 3*x(n) - 4*y(n). Let j = -6 - -3. Give l(j).
4
Let o(w) = w**2 + 4*w - 4. Let b(g) = -g + 1. Let u(j) = b(j) + o(j). Let s = -42 - -44. Suppose -8*a + s*a = 18. Calculate u(a).
-3
Let b be (11/(-3))/((-1)/3). Let n(y) = -y**2 + 10*y + 6. Let i be n(b). Let r(m) = -2*m - 6. Calculate r(i).
4
Let q(o) = 2*o**2 - o. Suppose -8 = -3*j - w + 5, 3*w = -6. Suppose -4*y + 20 = -3*s, 5*s + 7 + j = -4*y. Let t be q(y). Let d(x) = -x - 1. What is d(t)?
-7
Let b be (-1)/2*-2 - -2. Suppose 0 = -d - 5, 4*f + 5*d = -0*d + 15. Let n(m) = -3*m - m**3 - b - f*m**2 + 6*m**2 + 2. Calculate n(-4).
11
Let j = -37 - -49. Suppose -3*l = -0*l - j. Let z(v) = v**2 - 5*v - 1. What is z(l)?
-5
Let c = -10 - -16. Let s(j) = 4*j**2 + 3*j - 5. Suppose 0 = -9*k + 5*k - 20. Let z(r) = -r**2 + r. Let g(m) = k*z(m) - s(m). Calculate g(c).
-7
Let b(z) = -z**3 + 7*z**2 + 9. Let u be b(7). Let r(c) = -c**2 + 7*c - 8. Give r(u).
-26
Let k(p) = 4*p. Let c be k(4). Let x(u) = -u + 1 - 3*u**2 + 3*u**2 - c*u**3. Suppose -24 = -5*v - 2*d - 25, -2*v - 7 = 3*d. Determine x(v).
-16
Let b(x) = -13*x**3 - 6*x**2 + 6*x. Let d(j) = 24*j**3 + 12*j**2 - 11*j + 1. Let i(p) = -11*b(p) - 6*d(p). What is i(-6)?
-6
Let d(r) = 2*r + 12. Let y(f) be the second derivative of -f**4/12 - f**3/2 - 4*f**2 + 32*f. Let a be y(0). Determine d(a).
-4
Let d(m) = -17*m**3 + 5*m**2 - m. Let i(n) = -45*n**3 + 15*n**2 - 2*n - 1. Let b(y) = -8*d(y) + 3*i(y). Suppose h + 5*x = x + 5, 5*h + 4*x = -7. What is b(h)?
9
Let i = 3515 + -3509. Let w(x) = -7*x**2 - 10*x - 19. Let l(o) = 3*o**2 + 5*o + 9. Let a(h) = 9*l(h) + 4*w(h). Calculate a(i).
-1
Suppose -d - 5*t = -19, -4*d - 2*t = -4*t + 12. Let w(p) = -9 - 5 + 24 - 13*p - 11. What is w(d)?
12
Let u(j) = -20 + 14 - 6*j + 0*j + 5*j - j**2. Let t be 0/(3 + -3 - -2). Give u(t).
-6
Let g(s) = s**3 + 5*s**2 - 6*s + 2. Let l = 18 - 14. Suppose 0 = l*y - 2*y - 6. Suppose y*w + 19 - 1 = 0. Determine g(w).
2
Let d be 30/4*6/(-9). Let s(k) = -k**3 - 4*k**2 - 6*k - 4. Give s(d).
51
Suppose 4*c + 5 - 17 = 0. Suppose -5*d - 23 = -c*l, 5*l - 11 = 5*d + 14. Let k be l/((6/(-10))/(-3)). Let i(a) = -a**2 + 3*a. Calculate i(k).
-10
Let s(d) = 3*d - 1. Let u(o) = -o**2 - o - 1. Let t(g) = g**2 + g + 1. Let x(c) = -6*t(c) - 5*u(c). Let v(q) = s(q) + x(q). What is v(2)?
-2
Let b be 63/420*10/18. Let k(r) be the third derivative of 1/120*r**6 + 0*r - 1/20*r**5 - r**2 + 0*r**3 + 0 - b*r**4. Calculate k(3).
-6
Let y be (-5)/((-60)/8)*3. Let p(r) = -15*r + 2*r**2 - 4*r**2 - 3 + 6 + 12*r. Determine p(y).
-11
Let g(r) = 0*r + r - 5 - 3*r. Let y(n) = -13*n - 83. Let u = 130 + -136. Let t be y(u). Determine g(t).
5
Let x(o) = o**3 - 4*o**2 - 3*o + 4. Let r(l) = 2*l - 5. Let v be r(4). Suppose -v*s = -15 + 3. Calculate x(s).
-8
Let t(v) = -8 + 9*v - 16*v + 6*v**3 - 2*v**2 - 5*v**3 + 6*v. Calculate t(0).
-8
Let w(z) = -z + 18. Suppose -75 = -11*r + 7*r - u, 0 = -2*r + u + 39. Determine w(r).
-1
Suppose 3*w - 2*x - 10 = 0, -12 = -4*w + 5*x - 3*x. Let b(k) = 9*k - 5*k - w*k - 3 - 3*k. What is b(-7)?
4
Let q = 1238 + -1239. Let p(l) = -43*l**3 + l**2 + 2*l. Determine p(q).
42
Let n be (-7)/2*72/(-126). Let w(u) = u**2 + 0 + u - 3*u**2 - 1. Calculate w(n).
-7
Let w = 8 + -4. Let k(v) = 4*v + 1. Let p(f) be the first derivative of -f**2/2 - f - 7. Let m(x) = w*p(x) + 2*k(x). Calculate m(2).
6
Let r(v) = v + 13. Let m(s) = -s - 13. Let k(o) = -3*m(o) - 2*r(o). Let g be k(-19). Let u(q) = -q**2 + 1 - 5*q - 4*q + q. Determine u(g).
13
Suppose 4*i - 20 = 0, -4*h + 7*i = 4*i - 1. Let w(t) = -h*t**3 + 109*t + 6*t**3 + 1 - 109*t. Calculate w(-1).
-1
Let z be ((-15)/20)/(3/(-28)). Suppose z*s + 9 = 4*s. Let y(n) be the third derivative of -n**5/60 - n**4/24 + n**3/3 + n**2. Calculate y(s).
-4
Let m(c) be the first derivative of -c**3/3 + 2*c**2 - 2*c - 12. Calculate m(5).
-7
Let j = -20 + 17. Let n(x) = 2*x**2 - 6*x - 7. Let c be n(j). Suppose -c = -5*h + 3*u - u, -h - 5 = -4*u. Let q(i) = i**3 - 8*i**2 + 7*i + 5. What is q(h)?
5
Let j(w) = -w + 11. Let c be j(13). Let z be c/14 - 108/(-21). Suppose -3*d + z*s = -6*d + 23, -5*d + 3*s - 7 = 0. Let b(u) = u**2 + u - 1. Give b(d).
1
Let h(k) be the first derivative of k**3/3 - 7*k**2/2 - 2*k + 56. Calculate h(9).
16
Suppose -6 = -y - 5*y. Let d(b) = -4 - 5*b - y + 2 + 3*b**2. What is d(4)?
25
Suppose 0 = 2*p - 5 - 3. Let v(g) = g**2 + 5 - p + 7*g + 3. What is v(-6)?
-2
Let q(d) be the first derivative of d**3/3 - 3*d**2 + 7*d - 21. Calculate q(8).
23
Suppose -41*w - 55 = -52*w. Let l(z